{"id":162,"date":"2019-11-26T20:48:05","date_gmt":"2019-11-26T19:48:05","guid":{"rendered":"http:\/\/feuerwehr-waldeck-frankenberg.de\/kfv\/?page_id=162"},"modified":"2019-11-26T21:11:17","modified_gmt":"2019-11-26T20:11:17","slug":"gemeinsame-fachempfehlung-verhalten-im-brandfall","status":"publish","type":"page","link":"https:\/\/feuerwehr-waldeck-frankenberg.de\/kfv\/fuer-buerger\/gemeinsame-fachempfehlung-verhalten-im-brandfall\/","title":{"rendered":"Gemeinsame Fachempfehlung \u201eVerhalten im Brandfall\u201c"},"content":{"rendered":"\n<p><strong>Berlin.<\/strong>&nbsp;In fast zweij\u00e4hriger Arbeit hat der Gemeinsame Ausschuss f\u00fcr Brandschutzerziehung und Brandschutzaufkl\u00e4rung des Deutschen Feuerwehrverbandes (DFV) und der Vereinigung zur F\u00f6rderung des Deutschen Brandschutzes (vfdb) die neue Fachempfehlung \u201eVerhalten im Brandfall\u201c erstellt &#8230;<\/p>\n\n\n\n<p><strong>Publikation von DFV und vfdb stellt aktuellen Stand der Fachmeinung dar<\/strong><\/p>\n\n\n\n<p>Sie stellt, abgestimmt mit den Pr\u00e4sidien der beiden Verb\u00e4nde, den aktuellen Stand der Fachmeinung in Deutschland dar. \u201eDie Fachempfehlung richtet sich sowohl an die Bewohner von Wohnungen als auch an Feuerwehren und Spezialisten in der Brandschutzerziehung und -aufkl\u00e4rung\u201c, erl\u00e4utert Frieder Kircher, Vorsitzender des Gemeinsamen Ausschusses.<\/p>\n\n\n\n<p>Die Fachempfehlung stellt die folgenden Grundprinzipien zum Verhalten im Brandfall dar:<\/p>\n\n\n\n<p>1. Es ist nicht m\u00f6glich, die Bev\u00f6lkerung zum richtigen Verhalten im Brandfall in Wohnungen zu bringen, wenn man nur f\u00fcnf Regeln kommuniziert. Sie sind zwar, wie bei der Brandschutzordnung Teil A nach DIN 14096 leicht zu merken, aber das Verst\u00e4ndnis ist nicht ausreichend, um im eigenen Wohnumfeld unter sehr verschiedenen Randbedingungen richtig zu handeln. Die Handlungsempfehlungen m\u00fcssen ausf\u00fchrlicher sein, auch wenn dabei das Problem auftritt, dass Schwierigkeiten beim Lesen des l\u00e4ngeren Textes auftauchen.<\/p>\n\n\n\n<p>2. Es gibt keine einheitliche Regelung zum Verhalten, die f\u00fcr jede Situation in jeder Geb\u00e4udeart beim Wohnen zutrifft. Die detaillierten Verhaltenshinweise f\u00fcr einen Brand im Einfamilienhaus unterscheiden sich in mehreren Punkten von den Hinweisen beim Brand in einem Mehrfamilienhaus. F\u00fcr Brandschutzfachleute sind diese Unterschiede zwar klar, logisch und einsichtig, der normale Mensch auf der Stra\u00dfe hat aber diese Kenntnisse nicht! Weiterhin ist es noch entscheidend, ob es im Mehrfamilienhaus in der eigenen Wohnung brennt oder in einer beliebig anderen Wohnung im gleichen Mehrfamilienhaus. Zus\u00e4tzlich stellt der Fall eines verrauchten Treppenhauses eine Sondersituation dar, die betrachtet werden muss. In der Fachempfehlung \u201eVerhalten im Brandfall\u201c werden daher folgende vier F\u00e4lle unterscheiden:<\/p>\n\n\n\n<p>&nbsp;&nbsp;&nbsp;&nbsp; o Brand in der eigenen Wohnung eines Mehrfamilienhauses<br>&nbsp;&nbsp;&nbsp;&nbsp; o Brand in einer anderen Wohnung eines Mehrfamilienhauses<br>&nbsp;&nbsp;&nbsp;&nbsp; o Verrauchtes Treppenhaus in einem Mehrfamilienhaus<br>&nbsp;&nbsp;&nbsp;&nbsp; o Brand in einem Einfamilienhaus<\/p>\n\n\n\n<p>3. Reine Schlagworte oder Merks\u00e4tze sind nicht ausreichend. Es m\u00fcssen detaillierte Erkl\u00e4rungen erfolgen, die die Nutzer direkt ansprechen. Diese dienen insbesondere auch Multiplikatoren wie zum Beispiel Brandschutzerziehern oder Lehrkr\u00e4ften, um die Merks\u00e4tze den Nutzern zu erl\u00e4utern<\/p>\n\n\n\n<p>4. Durch Ablaufdiagramme werden die Handlungsprinzipien anschaulich erl\u00e4utert.<\/p>\n\n\n\n<p>\u201eMit der neuen Fachempfehlung setzt der Gemeinsame Ausschuss f\u00fcr Brandschutzerziehung und Brandschutzaufkl\u00e4rung seine strategische Arbeit in diesem Gebiet fort, die mit der Fachempfehlung ,Der Notruf in der Brandschutzerziehung\u2018 begonnen wurde und sich zuk\u00fcnftig weiter fortsetzen soll\u201c, erl\u00e4utert Kircher abschlie\u00dfend. Die aktuelle Fachempfehlung steht unter&nbsp;<a rel=\"noreferrer noopener\" href=\"http:\/\/www.feuerwehrverband.de\/fe-verhalten-brandfall.html\" target=\"_blank\">www.feuerwehrverband.de\/fe-verhalten-brandfall.html<\/a>&nbsp;online.<\/p>\n\n\n\n<p>Quelle: <a href=\"https:\/\/www.dfv.org\" target=\"_blank\" rel=\"noreferrer noopener\" aria-label=\"Deutscher Feuerwehrverband e.V. (\u00f6ffnet in neuem Tab)\">Deutscher Feuerwehrverband e.V.<\/a><\/p>\n","protected":false},"excerpt":{"rendered":"<p>Berlin.&nbsp;In fast zweij\u00e4hriger Arbeit hat der Gemeinsame Ausschuss f\u00fcr Brandschutzerziehung und Brandschutzaufkl\u00e4rung des Deutschen Feuerwehrverbandes (DFV) und der Vereinigung zur F\u00f6rderung des Deutschen Brandschutzes (vfdb) die neue Fachempfehlung \u201eVerhalten im Brandfall\u201c erstellt &#8230; Publikation von DFV und vfdb stellt aktuellen Stand der Fachmeinung dar Sie stellt, abgestimmt mit den Pr\u00e4sidien<\/p>\n","protected":false},"author":1,"featured_media":0,"parent":66,"menu_order":0,"comment_status":"closed","ping_status":"closed","template":"","meta":{"advgb_blocks_editor_width":"","advgb_blocks_columns_visual_guide":"","footnotes":""},"class_list":["post-162","page","type-page","status-publish","hentry"],"coauthors":[],"author_meta":{"author_link":"https:\/\/feuerwehr-waldeck-frankenberg.de\/kfv\/author\/markusadminkfv\/","display_name":"MarkusAdminKFV"},"relative_dates":{"created":"Posted 6\u00a0Jahren ago","modified":"Updated 6\u00a0Jahren ago"},"absolute_dates":{"created":"Posted on 26. November 2019","modified":"Updated on 26. November 2019"},"absolute_dates_time":{"created":"Posted on 26. November 2019 20:48","modified":"Updated on 26. November 2019 21:11"},"featured_img_caption":"","featured_img":false,"series_order":"","_links":{"self":[{"href":"https:\/\/feuerwehr-waldeck-frankenberg.de\/kfv\/wp-json\/wp\/v2\/pages\/162","targetHints":{"allow":["GET"]}}],"collection":[{"href":"https:\/\/feuerwehr-waldeck-frankenberg.de\/kfv\/wp-json\/wp\/v2\/pages"}],"about":[{"href":"https:\/\/feuerwehr-waldeck-frankenberg.de\/kfv\/wp-json\/wp\/v2\/types\/page"}],"author":[{"embeddable":true,"href":"https:\/\/feuerwehr-waldeck-frankenberg.de\/kfv\/wp-json\/wp\/v2\/users\/1"}],"replies":[{"embeddable":true,"href":"https:\/\/feuerwehr-waldeck-frankenberg.de\/kfv\/wp-json\/wp\/v2\/comments?post=162"}],"version-history":[{"count":2,"href":"https:\/\/feuerwehr-waldeck-frankenberg.de\/kfv\/wp-json\/wp\/v2\/pages\/162\/revisions"}],"predecessor-version":[{"id":183,"href":"https:\/\/feuerwehr-waldeck-frankenberg.de\/kfv\/wp-json\/wp\/v2\/pages\/162\/revisions\/183"}],"up":[{"embeddable":true,"href":"https:\/\/feuerwehr-waldeck-frankenberg.de\/kfv\/wp-json\/wp\/v2\/pages\/66"}],"wp:attachment":[{"href":"https:\/\/feuerwehr-waldeck-frankenberg.de\/kfv\/wp-json\/wp\/v2\/media?parent=162"}],"curies":[{"name":"wp","href":"https:\/\/api.w.org\/{rel}","templated":true}]}}

<p><strong>Berlin.</strong>&nbsp;In fast zweijähriger Arbeit hat der Gemeinsame Ausschuss für Brandschutzerziehung und Brandschutzaufklärung des Deutschen Feuerwehrverbandes (DFV) und der Vereinigung zur Förderung des Deutschen Brandschutzes (vfdb) die neue Fachempfehlung „Verhalten im Brandfall“ erstellt &#8230;</p>



<p><strong>Publikation von DFV und vfdb stellt aktuellen Stand der Fachmeinung dar</strong></p>



<p>Sie stellt, abgestimmt mit den Präsidien der beiden Verbände, den aktuellen Stand der Fachmeinung in Deutschland dar. „Die Fachempfehlung richtet sich sowohl an die Bewohner von Wohnungen als auch an Feuerwehren und Spezialisten in der Brandschutzerziehung und -aufklärung“, erläutert Frieder Kircher, Vorsitzender des Gemeinsamen Ausschusses.</p>



<p>Die Fachempfehlung stellt die folgenden Grundprinzipien zum Verhalten im Brandfall dar:</p>



<p>1. Es ist nicht möglich, die Bevölkerung zum richtigen Verhalten im Brandfall in Wohnungen zu bringen, wenn man nur fünf Regeln kommuniziert. Sie sind zwar, wie bei der Brandschutzordnung Teil A nach DIN 14096 leicht zu merken, aber das Verständnis ist nicht ausreichend, um im eigenen Wohnumfeld unter sehr verschiedenen Randbedingungen richtig zu handeln. Die Handlungsempfehlungen müssen ausführlicher sein, auch wenn dabei das Problem auftritt, dass Schwierigkeiten beim Lesen des längeren Textes auftauchen.</p>



<p>2. Es gibt keine einheitliche Regelung zum Verhalten, die für jede Situation in jeder Gebäudeart beim Wohnen zutrifft. Die detaillierten Verhaltenshinweise für einen Brand im Einfamilienhaus unterscheiden sich in mehreren Punkten von den Hinweisen beim Brand in einem Mehrfamilienhaus. Für Brandschutzfachleute sind diese Unterschiede zwar klar, logisch und einsichtig, der normale Mensch auf der Straße hat aber diese Kenntnisse nicht! Weiterhin ist es noch entscheidend, ob es im Mehrfamilienhaus in der eigenen Wohnung brennt oder in einer beliebig anderen Wohnung im gleichen Mehrfamilienhaus. Zusätzlich stellt der Fall eines verrauchten Treppenhauses eine Sondersituation dar, die betrachtet werden muss. In der Fachempfehlung „Verhalten im Brandfall“ werden daher folgende vier Fälle unterscheiden:</p>



<p>&nbsp;&nbsp;&nbsp;&nbsp; o Brand in der eigenen Wohnung eines Mehrfamilienhauses<br>&nbsp;&nbsp;&nbsp;&nbsp; o Brand in einer anderen Wohnung eines Mehrfamilienhauses<br>&nbsp;&nbsp;&nbsp;&nbsp; o Verrauchtes Treppenhaus in einem Mehrfamilienhaus<br>&nbsp;&nbsp;&nbsp;&nbsp; o Brand in einem Einfamilienhaus</p>



<p>3. Reine Schlagworte oder Merksätze sind nicht ausreichend. Es müssen detaillierte Erklärungen erfolgen, die die Nutzer direkt ansprechen. Diese dienen insbesondere auch Multiplikatoren wie zum Beispiel Brandschutzerziehern oder Lehrkräften, um die Merksätze den Nutzern zu erläutern</p>



<p>4. Durch Ablaufdiagramme werden die Handlungsprinzipien anschaulich erläutert.</p>



<p>„Mit der neuen Fachempfehlung setzt der Gemeinsame Ausschuss für Brandschutzerziehung und Brandschutzaufklärung seine strategische Arbeit in diesem Gebiet fort, die mit der Fachempfehlung ,Der Notruf in der Brandschutzerziehung‘ begonnen wurde und sich zukünftig weiter fortsetzen soll“, erläutert Kircher abschließend. Die aktuelle Fachempfehlung steht unter&nbsp;<a rel="noreferrer noopener" href="http://www.feuerwehrverband.de/fe-verhalten-brandfall.html" target="_blank">www.feuerwehrverband.de/fe-verhalten-brandfall.html</a>&nbsp;online.</p>



<p>Quelle: <a href="https://www.dfv.org" target="_blank" rel="noreferrer noopener" aria-label="Deutscher Feuerwehrverband e.V. (öffnet in neuem Tab)">Deutscher Feuerwehrverband e.V.</a></p>

<p>Berlin.&nbsp;In fast zweijähriger Arbeit hat der Gemeinsame Ausschuss für Brandschutzerziehung und Brandschutzaufklärung des Deutschen Feuerwehrverbandes (DFV) und der Vereinigung zur Förderung des Deutschen Brandschutzes (vfdb) die neue Fachempfehlung „Verhalten im Brandfall“ erstellt &#8230; Publikation von DFV und vfdb stellt aktuellen Stand der Fachmeinung dar Sie stellt, abgestimmt mit den Präsidien</p>
