{"id":37,"date":"2019-08-13T16:28:23","date_gmt":"2019-08-13T14:28:23","guid":{"rendered":"http:\/\/feuerwehr-waldeck-frankenberg.de\/kfv\/?page_id=37"},"modified":"2019-08-13T16:36:42","modified_gmt":"2019-08-13T14:36:42","slug":"musikwesen","status":"publish","type":"page","link":"https:\/\/feuerwehr-waldeck-frankenberg.de\/kfv\/fachbereiche\/musikwesen\/","title":{"rendered":"Musikwesen"},"content":{"rendered":"\n<p>Das Musikwesen in den musiktreibenden Z\u00fcgen in Waldeck-Frankenberg hat sich in den letzten Jahren stark entwickelt.<\/p>\n\n\n\n<p>Das Repertoire der einzelnen Z\u00fcge ist umfangreicher geworden und sie begeistern mit Ihrem Spiel jung und alt. Die Konzerte der Musikz\u00fcge sind oftmals kulturelle Highlights in den einzelnen Kommunen. Ein Besuch bei diesen Konzerten lohnt sich immer.<\/p>\n\n\n\n<p>Aber nat\u00fcrlich kommt auch die Ausbildung und die Jugendarbeit nicht zu kurz. Sie m\u00f6chten ein Instrument lernen &#8211; schauen Sie einmal vorbei. Die Angebote der Musikz\u00fcge sind vielf\u00e4ltig und Schnuppertage sind praktisch \u00fcberall m\u00f6glich. Und nat\u00fcrlich pflegen gerade die Musikz\u00fcge eine tolle Gemeinschaft.<\/p>\n","protected":false},"excerpt":{"rendered":"<p>Das Musikwesen in den musiktreibenden Z\u00fcgen in Waldeck-Frankenberg hat sich in den letzten Jahren stark entwickelt. Das Repertoire der einzelnen Z\u00fcge ist umfangreicher geworden und sie begeistern mit Ihrem Spiel jung und alt. Die Konzerte der Musikz\u00fcge sind oftmals kulturelle Highlights in den einzelnen Kommunen. Ein Besuch bei diesen Konzerten<\/p>\n","protected":false},"author":1,"featured_media":0,"parent":42,"menu_order":3,"comment_status":"closed","ping_status":"closed","template":"","meta":{"advgb_blocks_editor_width":"","advgb_blocks_columns_visual_guide":"","footnotes":""},"class_list":["post-37","page","type-page","status-publish","hentry"],"coauthors":[],"author_meta":{"author_link":"https:\/\/feuerwehr-waldeck-frankenberg.de\/kfv\/author\/markusadminkfv\/","display_name":"MarkusAdminKFV"},"relative_dates":{"created":"Posted 7\u00a0Jahren ago","modified":"Updated 7\u00a0Jahren ago"},"absolute_dates":{"created":"Posted on 13. August 2019","modified":"Updated on 13. August 2019"},"absolute_dates_time":{"created":"Posted on 13. August 2019 16:28","modified":"Updated on 13. August 2019 16:36"},"featured_img_caption":"","featured_img":false,"series_order":"","_links":{"self":[{"href":"https:\/\/feuerwehr-waldeck-frankenberg.de\/kfv\/wp-json\/wp\/v2\/pages\/37","targetHints":{"allow":["GET"]}}],"collection":[{"href":"https:\/\/feuerwehr-waldeck-frankenberg.de\/kfv\/wp-json\/wp\/v2\/pages"}],"about":[{"href":"https:\/\/feuerwehr-waldeck-frankenberg.de\/kfv\/wp-json\/wp\/v2\/types\/page"}],"author":[{"embeddable":true,"href":"https:\/\/feuerwehr-waldeck-frankenberg.de\/kfv\/wp-json\/wp\/v2\/users\/1"}],"replies":[{"embeddable":true,"href":"https:\/\/feuerwehr-waldeck-frankenberg.de\/kfv\/wp-json\/wp\/v2\/comments?post=37"}],"version-history":[{"count":1,"href":"https:\/\/feuerwehr-waldeck-frankenberg.de\/kfv\/wp-json\/wp\/v2\/pages\/37\/revisions"}],"predecessor-version":[{"id":38,"href":"https:\/\/feuerwehr-waldeck-frankenberg.de\/kfv\/wp-json\/wp\/v2\/pages\/37\/revisions\/38"}],"up":[{"embeddable":true,"href":"https:\/\/feuerwehr-waldeck-frankenberg.de\/kfv\/wp-json\/wp\/v2\/pages\/42"}],"wp:attachment":[{"href":"https:\/\/feuerwehr-waldeck-frankenberg.de\/kfv\/wp-json\/wp\/v2\/media?parent=37"}],"curies":[{"name":"wp","href":"https:\/\/api.w.org\/{rel}","templated":true}]}}

<p>Das Musikwesen in den musiktreibenden Zügen in Waldeck-Frankenberg hat sich in den letzten Jahren stark entwickelt.</p>



<p>Das Repertoire der einzelnen Züge ist umfangreicher geworden und sie begeistern mit Ihrem Spiel jung und alt. Die Konzerte der Musikzüge sind oftmals kulturelle Highlights in den einzelnen Kommunen. Ein Besuch bei diesen Konzerten lohnt sich immer.</p>



<p>Aber natürlich kommt auch die Ausbildung und die Jugendarbeit nicht zu kurz. Sie möchten ein Instrument lernen &#8211; schauen Sie einmal vorbei. Die Angebote der Musikzüge sind vielfältig und Schnuppertage sind praktisch überall möglich. Und natürlich pflegen gerade die Musikzüge eine tolle Gemeinschaft.</p>

<p>Das Musikwesen in den musiktreibenden Zügen in Waldeck-Frankenberg hat sich in den letzten Jahren stark entwickelt. Das Repertoire der einzelnen Züge ist umfangreicher geworden und sie begeistern mit Ihrem Spiel jung und alt. Die Konzerte der Musikzüge sind oftmals kulturelle Highlights in den einzelnen Kommunen. Ein Besuch bei diesen Konzerten</p>
