{"id":39,"date":"2019-08-13T16:32:42","date_gmt":"2019-08-13T14:32:42","guid":{"rendered":"http:\/\/feuerwehr-waldeck-frankenberg.de\/kfv\/?page_id=39"},"modified":"2019-08-13T16:37:38","modified_gmt":"2019-08-13T14:37:38","slug":"sozialwesen","status":"publish","type":"page","link":"https:\/\/feuerwehr-waldeck-frankenberg.de\/kfv\/fachbereiche\/sozialwesen\/","title":{"rendered":"Sozialwesen"},"content":{"rendered":"\n<p>Das Sozialwesen im Kreisfeuerwehrverband pflegt lange und gute Traditionen. In den Alters- und Ehrenabteilungen sind Kameraden organisiert, die den aktiven Einsatzdienst nicht mehr aus\u00fcben.<\/p>\n\n\n\n<p>Sie bringen sich aber weiterhin in die Gemeinschaft der Feuerwehren ein und bereichern insbesondere das Vereinsleben.<\/p>\n\n\n\n<p>Der Kreisfeuerwehrverband organisiert f\u00fcr diese Kameraden j\u00e4hrlich eine gemeinsame Fahrt. Hier werden alte Freundschaften gepflegt und \u00fcber die Entwicklung des Feuerwehrwesens gefachsimpelt. Im Rahmen dieser Fahrten wird nach einem gemeinsamen Fr\u00fchst\u00fcck ein Unternehmen mit einem besonderen Feuerwehrbezug besucht und die Produktion besichtigt. \u00dcblicherweise wird noch ein touristischer Programmpunkt eingestreut und nat\u00fcrlich auch gemeinsam zu Mittag gegessen.<\/p>\n\n\n\n<p>Die Teilnehmer dieser Ausfl\u00fcge sind immer wieder gern dabei. <\/p>\n\n\n\n<p>Auch Sie m\u00f6chten mitfahren? N\u00e4here Informationen gibt es bei unserem Gesch\u00e4ftsf\u00fchrer Erich Fischer oder unserem Sozialwart Eberhard Henkelmann.<\/p>\n","protected":false},"excerpt":{"rendered":"<p>Das Sozialwesen im Kreisfeuerwehrverband pflegt lange und gute Traditionen. In den Alters- und Ehrenabteilungen sind Kameraden organisiert, die den aktiven Einsatzdienst nicht mehr aus\u00fcben. Sie bringen sich aber weiterhin in die Gemeinschaft der Feuerwehren ein und bereichern insbesondere das Vereinsleben. Der Kreisfeuerwehrverband organisiert f\u00fcr diese Kameraden j\u00e4hrlich eine gemeinsame Fahrt.<\/p>\n","protected":false},"author":1,"featured_media":0,"parent":42,"menu_order":4,"comment_status":"closed","ping_status":"closed","template":"","meta":{"advgb_blocks_editor_width":"","advgb_blocks_columns_visual_guide":"","footnotes":""},"class_list":["post-39","page","type-page","status-publish","hentry"],"coauthors":[],"author_meta":{"author_link":"https:\/\/feuerwehr-waldeck-frankenberg.de\/kfv\/author\/markusadminkfv\/","display_name":"MarkusAdminKFV"},"relative_dates":{"created":"Posted 7\u00a0Jahren ago","modified":"Updated 7\u00a0Jahren ago"},"absolute_dates":{"created":"Posted on 13. August 2019","modified":"Updated on 13. August 2019"},"absolute_dates_time":{"created":"Posted on 13. August 2019 16:32","modified":"Updated on 13. August 2019 16:37"},"featured_img_caption":"","featured_img":false,"series_order":"","_links":{"self":[{"href":"https:\/\/feuerwehr-waldeck-frankenberg.de\/kfv\/wp-json\/wp\/v2\/pages\/39","targetHints":{"allow":["GET"]}}],"collection":[{"href":"https:\/\/feuerwehr-waldeck-frankenberg.de\/kfv\/wp-json\/wp\/v2\/pages"}],"about":[{"href":"https:\/\/feuerwehr-waldeck-frankenberg.de\/kfv\/wp-json\/wp\/v2\/types\/page"}],"author":[{"embeddable":true,"href":"https:\/\/feuerwehr-waldeck-frankenberg.de\/kfv\/wp-json\/wp\/v2\/users\/1"}],"replies":[{"embeddable":true,"href":"https:\/\/feuerwehr-waldeck-frankenberg.de\/kfv\/wp-json\/wp\/v2\/comments?post=39"}],"version-history":[{"count":3,"href":"https:\/\/feuerwehr-waldeck-frankenberg.de\/kfv\/wp-json\/wp\/v2\/pages\/39\/revisions"}],"predecessor-version":[{"id":44,"href":"https:\/\/feuerwehr-waldeck-frankenberg.de\/kfv\/wp-json\/wp\/v2\/pages\/39\/revisions\/44"}],"up":[{"embeddable":true,"href":"https:\/\/feuerwehr-waldeck-frankenberg.de\/kfv\/wp-json\/wp\/v2\/pages\/42"}],"wp:attachment":[{"href":"https:\/\/feuerwehr-waldeck-frankenberg.de\/kfv\/wp-json\/wp\/v2\/media?parent=39"}],"curies":[{"name":"wp","href":"https:\/\/api.w.org\/{rel}","templated":true}]}}