{"id":72,"date":"2024-11-19T17:52:25","date_gmt":"2024-11-19T16:52:25","guid":{"rendered":"http:\/\/feuerwehr-waldeck-frankenberg.de\/kfv\/?page_id=72"},"modified":"2024-11-19T17:52:25","modified_gmt":"2024-11-19T16:52:25","slug":"lehrgangsarbeit","status":"publish","type":"page","link":"https:\/\/feuerwehr-waldeck-frankenberg.de\/kfv\/fuer-die-feuerwehr\/lehrgangsarbeit\/","title":{"rendered":"Lehrgangsarbeit"},"content":{"rendered":"\n<p>In Zusammenarbeit mit dem Landkreis sowie der Hessischen Landesfeuerwehrschule f\u00fchrt der Kreisfeuerwehrverband die Grundausbildung im Landkreis Waldeck-Frankenberg durch.<\/p>\n\n\n\n<p>Folgende Lehrgangsangebote stehen zur Auswahl:<\/p>\n\n\n\n<ul class=\"wp-block-list\">\n<li>Grundausbildungslehrgang<\/li>\n\n\n\n<li>Truppf\u00fchrerlehrgang<\/li>\n\n\n\n<li>Sprechfunker-Ausbildung<\/li>\n\n\n\n<li>Maschinist f\u00fcr L\u00f6schfahrzeuge<\/li>\n\n\n\n<li>Atemschutzger\u00e4tetr\u00e4ger Teil 1 und 2<\/li>\n\n\n\n<li>Technische Hilfeleistung bei Verkehrsunf\u00e4llen<\/li>\n\n\n\n<li>Technische Hilfeleistung bei Bahnunf\u00e4llen<\/li>\n\n\n\n<li>Pers\u00f6nlichkeit und F\u00fchrungsverhalten<\/li>\n\n\n\n<li>F\u00fchrungsnachwuchskompetenz<\/li>\n\n\n\n<li>Seminar Absturzsicherung<\/li>\n<\/ul>\n\n\n\n<p><a href=\"https:\/\/feuerwehr-waldeck-frankenberg.de\/kfv\/wp-content\/uploads\/2024\/11\/Teilnahmevorausetzungen-ab-Dezember-2024.pdf\">Lehrgangsvoraussetzungen<\/a> f\u00fcr die o.g. Kreislehrg\u00e4nge.<\/p>\n\n\n\n<p class=\"has-black-color has-light-gray-background-color has-text-color has-background\"><strong>Der aktuelle Feuerwehrkalender ist <a href=\"https:\/\/feuerwehr-waldeck-frankenberg.de\/kfv\/2024\/11\/19\/feuerwehrkalender-2025\/\" target=\"_blank\" rel=\"noreferrer noopener\">hier.<\/a><\/strong><\/p>\n\n\n\n<p>Dar\u00fcber hinaus bietet die Kreisjugendfeuerwehr eigenst\u00e4ndig den Grundlagen-Lehrgang f\u00fcr Jugendfeuerwehrwarte und Betreuer an.<\/p>\n\n\n\n<p>Die Termine f\u00fcr unsere Lehrg\u00e4nge finden sich hier auf unserer Homepage.<\/p>\n\n\n\n<p>Alle weiterf\u00fchrenden Lehrg\u00e4nge werden an der Landesfeuerwehrschule in Kassel bzw. Marburg durchgef\u00fchrt. Weitere Informationen dazu finden sich auf der <a href=\"https:\/\/hlfs.hessen.de\/wichtiges-zu-ihrer-veranstaltung\">Homepage der Landesfeuerwehrschule<\/a>.<\/p>\n\n\n\n<p>Die Anmeldung zu allen Lehrg\u00e4ngen erfolgt \u00fcber den zust\u00e4ndigen Wehrf\u00fchrer bzw. den Gemdeinde- oder Stadtbrandinspektor \u00fcber das Verwaltungssystem &#8220;ZMS-Hessen&#8221;.<\/p>\n\n\n\n<p>Gern stehen wir Ihnen aber auch f\u00fcr weitergehende Fragen zur Verf\u00fcgung.<\/p>\n","protected":false},"excerpt":{"rendered":"<p>In Zusammenarbeit mit dem Landkreis sowie der Hessischen Landesfeuerwehrschule f\u00fchrt der Kreisfeuerwehrverband die Grundausbildung im Landkreis Waldeck-Frankenberg durch. Folgende Lehrgangsangebote stehen zur Auswahl: Lehrgangsvoraussetzungen f\u00fcr die o.g. Kreislehrg\u00e4nge. Der aktuelle Feuerwehrkalender ist hier. Dar\u00fcber hinaus bietet die Kreisjugendfeuerwehr eigenst\u00e4ndig den Grundlagen-Lehrgang f\u00fcr Jugendfeuerwehrwarte und Betreuer an. Die Termine f\u00fcr unsere<\/p>\n","protected":false},"author":1,"featured_media":0,"parent":74,"menu_order":2,"comment_status":"closed","ping_status":"closed","template":"","meta":{"advgb_blocks_editor_width":"","advgb_blocks_columns_visual_guide":"","footnotes":""},"class_list":["post-72","page","type-page","status-publish","hentry"],"coauthors":[],"author_meta":{"author_link":"https:\/\/feuerwehr-waldeck-frankenberg.de\/kfv\/author\/markusadminkfv\/","display_name":"MarkusAdminKFV"},"relative_dates":{"created":"Posted 1\u00a0Jahr ago","modified":"Updated 1\u00a0Jahr ago"},"absolute_dates":{"created":"Posted on 19. November 2024","modified":"Updated on 19. November 2024"},"absolute_dates_time":{"created":"Posted on 19. November 2024 17:52","modified":"Updated on 19. November 2024 17:52"},"featured_img_caption":"","featured_img":false,"series_order":"","_links":{"self":[{"href":"https:\/\/feuerwehr-waldeck-frankenberg.de\/kfv\/wp-json\/wp\/v2\/pages\/72","targetHints":{"allow":["GET"]}}],"collection":[{"href":"https:\/\/feuerwehr-waldeck-frankenberg.de\/kfv\/wp-json\/wp\/v2\/pages"}],"about":[{"href":"https:\/\/feuerwehr-waldeck-frankenberg.de\/kfv\/wp-json\/wp\/v2\/types\/page"}],"author":[{"embeddable":true,"href":"https:\/\/feuerwehr-waldeck-frankenberg.de\/kfv\/wp-json\/wp\/v2\/users\/1"}],"replies":[{"embeddable":true,"href":"https:\/\/feuerwehr-waldeck-frankenberg.de\/kfv\/wp-json\/wp\/v2\/comments?post=72"}],"version-history":[{"count":10,"href":"https:\/\/feuerwehr-waldeck-frankenberg.de\/kfv\/wp-json\/wp\/v2\/pages\/72\/revisions"}],"predecessor-version":[{"id":2111,"href":"https:\/\/feuerwehr-waldeck-frankenberg.de\/kfv\/wp-json\/wp\/v2\/pages\/72\/revisions\/2111"}],"up":[{"embeddable":true,"href":"https:\/\/feuerwehr-waldeck-frankenberg.de\/kfv\/wp-json\/wp\/v2\/pages\/74"}],"wp:attachment":[{"href":"https:\/\/feuerwehr-waldeck-frankenberg.de\/kfv\/wp-json\/wp\/v2\/media?parent=72"}],"curies":[{"name":"wp","href":"https:\/\/api.w.org\/{rel}","templated":true}]}}

<p>In Zusammenarbeit mit dem Landkreis sowie der Hessischen Landesfeuerwehrschule führt der Kreisfeuerwehrverband die Grundausbildung im Landkreis Waldeck-Frankenberg durch.</p>



<p>Folgende Lehrgangsangebote stehen zur Auswahl:</p>



<ul class="wp-block-list">
<li>Grundausbildungslehrgang</li>



<li>Truppführerlehrgang</li>



<li>Sprechfunker-Ausbildung</li>



<li>Maschinist für Löschfahrzeuge</li>



<li>Atemschutzgeräteträger Teil 1 und 2</li>



<li>Technische Hilfeleistung bei Verkehrsunfällen</li>



<li>Technische Hilfeleistung bei Bahnunfällen</li>



<li>Persönlichkeit und Führungsverhalten</li>



<li>Führungsnachwuchskompetenz</li>



<li>Seminar Absturzsicherung</li>
</ul>



<p><a href="https://feuerwehr-waldeck-frankenberg.de/kfv/wp-content/uploads/2024/11/Teilnahmevorausetzungen-ab-Dezember-2024.pdf">Lehrgangsvoraussetzungen</a> für die o.g. Kreislehrgänge.</p>



<p class="has-black-color has-light-gray-background-color has-text-color has-background"><strong>Der aktuelle Feuerwehrkalender ist <a href="https://feuerwehr-waldeck-frankenberg.de/kfv/2024/11/19/feuerwehrkalender-2025/" target="_blank" rel="noreferrer noopener">hier.</a></strong></p>



<p>Darüber hinaus bietet die Kreisjugendfeuerwehr eigenständig den Grundlagen-Lehrgang für Jugendfeuerwehrwarte und Betreuer an.</p>



<p>Die Termine für unsere Lehrgänge finden sich hier auf unserer Homepage.</p>



<p>Alle weiterführenden Lehrgänge werden an der Landesfeuerwehrschule in Kassel bzw. Marburg durchgeführt. Weitere Informationen dazu finden sich auf der <a href="https://hlfs.hessen.de/wichtiges-zu-ihrer-veranstaltung">Homepage der Landesfeuerwehrschule</a>.</p>



<p>Die Anmeldung zu allen Lehrgängen erfolgt über den zuständigen Wehrführer bzw. den Gemdeinde- oder Stadtbrandinspektor über das Verwaltungssystem &#8220;ZMS-Hessen&#8221;.</p>



<p>Gern stehen wir Ihnen aber auch für weitergehende Fragen zur Verfügung.</p>

<p>In Zusammenarbeit mit dem Landkreis sowie der Hessischen Landesfeuerwehrschule führt der Kreisfeuerwehrverband die Grundausbildung im Landkreis Waldeck-Frankenberg durch. Folgende Lehrgangsangebote stehen zur Auswahl: Lehrgangsvoraussetzungen für die o.g. Kreislehrgänge. Der aktuelle Feuerwehrkalender ist hier. Darüber hinaus bietet die Kreisjugendfeuerwehr eigenständig den Grundlagen-Lehrgang für Jugendfeuerwehrwarte und Betreuer an. Die Termine für unsere</p>
