{"id":104,"date":"2020-09-14T14:56:34","date_gmt":"2020-09-14T12:56:34","guid":{"rendered":"https:\/\/feuerwehr-waldeck-frankenberg.de\/kjf\/?page_id=104"},"modified":"2020-09-14T15:20:20","modified_gmt":"2020-09-14T13:20:20","slug":"faq","status":"publish","type":"page","link":"https:\/\/feuerwehr-waldeck-frankenberg.de\/kjf\/service-und-downloads\/faq\/","title":{"rendered":"Regelm\u00e4\u00dfige Fragen an uns"},"content":{"rendered":"\n<p><\/p>\n\n\n\n<div class=\"wp-block-quick-and-easy-faqs-faqs-toggle-grouped\">            <div class=\"qae-faqs-container qae-faqs-toggle-container\">\n\t\t\t\t<h3 class=\"qe-faqs-group-title\">Aus- und Fortbildung<\/h3>\t\t<div id=\"qaef-102\" class=\"qe-faq-toggle ausbildung\">\n\t\t\t<div class=\"qe-toggle-title\">\n\t\t\t\t<h4>\n\t\t\t\t\t<i class=\"fa fa-minus-circle\"><\/i> Anmeldung zu Aus- und Fortbildungen\t\t\t\t<\/h4>\n\t\t\t<\/div>\n\t\t\t<div class=\"qe-toggle-content\">\n\t\t\t\t\n<p>Die Anmeldung zu den Lehrg\u00e4ngen der Kreisjugendfeuerwehr erfolgt online \u00fcber unsere Webseite. Ein entsprechendes Formular findet sich jeweils bei den Terminen verlinkt.<\/p>\n\n\n\n<p>Die Anmeldung zu Lehrg\u00e4ngen am Jugendfeuerwehr-Ausbildungszentrum (z.B. Jugendarbeit in der Feuerwehr oder Rechte und Pflichten) oder an der Landesfeuerwehrschule (z.B. Gruppenf\u00fchrerlehrgang) erfolgt \u00fcber ZMS Hessen\/Florix auf dem Dienstweg. Das kann bei Euch der Gemeinde\/Stadtjugendfeuerwehrwart oder auch der Wehrf\u00fchrer sein. Weiterhelfen kann Euch Eurer G\/StJFW aber auf jeden Fall.<\/p>\n\t\t\t<\/div>\n\t\t<\/div>\n\t\t<h3 class=\"qe-faqs-group-title\">Veranstaltungen<\/h3>\t\t<div id=\"qaef-101\" class=\"qe-faq-toggle veranstaltungen\">\n\t\t\t<div class=\"qe-toggle-title\">\n\t\t\t\t<h4>\n\t\t\t\t\t<i class=\"fa fa-minus-circle\"><\/i> Anmeldung zum Zeltlager\t\t\t\t<\/h4>\n\t\t\t<\/div>\n\t\t\t<div class=\"qe-toggle-content\">\n\t\t\t\t\n<p>Die Anmeldung zum Zeltlager findet ausschlie\u00dflich online statt.<\/p>\n\n\n\n<p>Hier findet Ihr das entsprechende Meldeformular. Besonderheiten meldet bitte ebenfalls \u00fcber das Formular an.<\/p>\n\n\n\n<p>Wichtig ist auch immer die Vorbesprechung zum Zeltlager, hier gibt es ebenfalls noch die M\u00f6glichkeit f\u00fcr Fragen. Die k\u00f6nnen wir dann auch direkt vor Ort kl\u00e4ren.<\/p>\n\n\n\n<p>Bitte beachtet, dass Ihr den Teilnehmerbeitrag zum Zeltlager (15 \u20ac pro Person) im Vorfeld auf das Konto der Kreisjugendfeuerwehr \u00fcberweist. N\u00e4here Angaben dazu findet Ihr in der Einladung. Bei Fragen sprecht uns bitte direkt oder per Mail an.<\/p>\n\t\t\t<\/div>\n\t\t<\/div>\n\t\t\t\t<div id=\"qaef-100\" class=\"qe-faq-toggle veranstaltungen wettbewerbe\">\n\t\t\t<div class=\"qe-toggle-title\">\n\t\t\t\t<h4>\n\t\t\t\t\t<i class=\"fa fa-minus-circle\"><\/i> Anmeldung zu Wettbewerben der KJF\t\t\t\t<\/h4>\n\t\t\t<\/div>\n\t\t\t<div class=\"qe-toggle-content\">\n\t\t\t\t\n<p>Die Anmeldung zu den Wettbewerben der Kreisjugendfeuerwehr (die im Rahmen des oder der Zeltlager durchgef\u00fchrt werden) erfolgt ausschlie\u00dflich online.<\/p>\n\n\n\n<p>Eure Stadt-\/Gemeindejugendwarte haben von unserem Wettbewerbsleiter einen Anmeldecode und einen Link zur Anmeldung erhalten. Nur damit ist die Anmeldung m\u00f6glich. Fragt also bitte bei Euren Stadt-\/Gemeindejugendwarten nach. Sollte es dennoch Schwierigkeiten geben, meldet Euch bei unseren FGL Wettbewerbe, Michael Wickenh\u00f6fer und David Biederbick.<\/p>\n\t\t\t<\/div>\n\t\t<\/div>\n\t\t<h3 class=\"qe-faqs-group-title\">Wettbewerbe<\/h3>\t\t<div id=\"qaef-100\" class=\"qe-faq-toggle veranstaltungen wettbewerbe\">\n\t\t\t<div class=\"qe-toggle-title\">\n\t\t\t\t<h4>\n\t\t\t\t\t<i class=\"fa fa-minus-circle\"><\/i> Anmeldung zu Wettbewerben der KJF\t\t\t\t<\/h4>\n\t\t\t<\/div>\n\t\t\t<div class=\"qe-toggle-content\">\n\t\t\t\t\n<p>Die Anmeldung zu den Wettbewerben der Kreisjugendfeuerwehr (die im Rahmen des oder der Zeltlager durchgef\u00fchrt werden) erfolgt ausschlie\u00dflich online.<\/p>\n\n\n\n<p>Eure Stadt-\/Gemeindejugendwarte haben von unserem Wettbewerbsleiter einen Anmeldecode und einen Link zur Anmeldung erhalten. Nur damit ist die Anmeldung m\u00f6glich. Fragt also bitte bei Euren Stadt-\/Gemeindejugendwarten nach. Sollte es dennoch Schwierigkeiten geben, meldet Euch bei unseren FGL Wettbewerbe, Michael Wickenh\u00f6fer und David Biederbick.<\/p>\n\t\t\t<\/div>\n\t\t<\/div>\n\t\t\t\t<div id=\"qaef-99\" class=\"qe-faq-toggle wettbewerbe\">\n\t\t\t<div class=\"qe-toggle-title\">\n\t\t\t\t<h4>\n\t\t\t\t\t<i class=\"fa fa-minus-circle\"><\/i> Doppelstarter bei Wettbewerben\t\t\t\t<\/h4>\n\t\t\t<\/div>\n\t\t\t<div class=\"qe-toggle-content\">\n\t\t\t\t\n<p>Bei unsereren Wettbewerben auf Kreisebene sind pro Team 3 Doppelstarter zugelassen.<\/p>\n\n\n\n<p>Jeder Doppelstarter darf in maximal zwei Teams starten.<\/p>\n\n\n\n<p>Dies gilt NICHT f\u00fcr die Leistungsspange, hier sind Doppelstarter ohne Beschr\u00e4nkung zugelassen. D.h., man k\u00f6nnte im Extremfall aus 10 Personen eine Gruppe aus Bewerbern aufstellen und eine zweite Gruppe mit 8 Doppelstartern und der 10. Person. Bitte beachtet, dass das selten sinnvoll ist, in solchen F\u00e4llen wendet Euch doch bitte auch direkt an unsere FGL Wettbewerbe. H\u00e4ufig findet sich eine andere L\u00f6sung.<\/p>\n\t\t\t<\/div>\n\t\t<\/div>\n\t\t            <\/div>\n\t\t<\/div>\n","protected":false},"excerpt":{"rendered":"","protected":false},"author":1,"featured_media":0,"parent":27,"menu_order":0,"comment_status":"closed","ping_status":"closed","template":"","meta":{"advgb_blocks_editor_width":"","advgb_blocks_columns_visual_guide":""},"coauthors":[],"author_meta":{"author_link":"https:\/\/feuerwehr-waldeck-frankenberg.de\/kjf\/author\/markusadmin\/","display_name":"Markus Potthof"},"relative_dates":{"created":"Ver\u00f6ffentlicht 6\u00a0Jahren vor","modified":"Aktualisiert 6\u00a0Jahren vor"},"absolute_dates":{"created":"Ver\u00f6ffentlicht am 14. September 2020","modified":"Aktualisiert am 14. September 2020"},"absolute_dates_time":{"created":"Ver\u00f6ffentlicht am 14. September 2020 14:56","modified":"Aktualisiert am 14. September 2020 15:20"},"featured_img_caption":"","featured_img":false,"series_order":"","_links":{"self":[{"href":"https:\/\/feuerwehr-waldeck-frankenberg.de\/kjf\/wp-json\/wp\/v2\/pages\/104"}],"collection":[{"href":"https:\/\/feuerwehr-waldeck-frankenberg.de\/kjf\/wp-json\/wp\/v2\/pages"}],"about":[{"href":"https:\/\/feuerwehr-waldeck-frankenberg.de\/kjf\/wp-json\/wp\/v2\/types\/page"}],"author":[{"embeddable":true,"href":"https:\/\/feuerwehr-waldeck-frankenberg.de\/kjf\/wp-json\/wp\/v2\/users\/1"}],"replies":[{"embeddable":true,"href":"https:\/\/feuerwehr-waldeck-frankenberg.de\/kjf\/wp-json\/wp\/v2\/comments?post=104"}],"version-history":[{"count":1,"href":"https:\/\/feuerwehr-waldeck-frankenberg.de\/kjf\/wp-json\/wp\/v2\/pages\/104\/revisions"}],"predecessor-version":[{"id":105,"href":"https:\/\/feuerwehr-waldeck-frankenberg.de\/kjf\/wp-json\/wp\/v2\/pages\/104\/revisions\/105"}],"up":[{"embeddable":true,"href":"https:\/\/feuerwehr-waldeck-frankenberg.de\/kjf\/wp-json\/wp\/v2\/pages\/27"}],"wp:attachment":[{"href":"https:\/\/feuerwehr-waldeck-frankenberg.de\/kjf\/wp-json\/wp\/v2\/media?parent=104"}],"curies":[{"name":"wp","href":"https:\/\/api.w.org\/{rel}","templated":true}]}}